{"id":86,"date":"2023-04-27T14:18:33","date_gmt":"2023-04-27T14:18:33","guid":{"rendered":"https:\/\/aefcastro.net\/centroqualifica\/?page_id=86"},"modified":"2023-05-18T11:32:44","modified_gmt":"2023-05-18T11:32:44","slug":"dl-357-2007","status":"publish","type":"page","link":"https:\/\/aefcastro.net\/centroqualifica\/index.php\/dl-357-2007\/","title":{"rendered":"Vias de Conclus\u00e3o do N\u00edvel Secund\u00e1rio de Educa\u00e7\u00e3o \u2013 Dec. Lei n\u00ba 357\/2007"},"content":{"rendered":"<h3 class=\"font_8 wixui-rich-text__text\"><strong><span class=\"wixui-rich-text__text\">DL 357\/2007 &#8211; Via de conclus\u00e3o de n\u00edvel\u00a0 secund\u00e1rio de ensino<\/span><\/strong><\/h3>\n<p class=\"font_8 wixui-rich-text__text\">\n<p>As Vias de Conclus\u00e3o do N\u00edvel Secund\u00e1rio de Educa\u00e7\u00e3o s\u00e3o respostas criadas para quem frequentou,<br \/>\nsem concluir, percursos formativos de n\u00edvel secund\u00e1rio de educa\u00e7\u00e3o, desenvolvidos ao<br \/>\nabrigo de planos de estudo j\u00e1 extintos. Estas vias permitem que o candidato conclua o n\u00edvel<br \/>\nsecund\u00e1rio de educa\u00e7\u00e3o, atrav\u00e9s de exames ou frequ\u00eancia de Unidades de Forma\u00e7\u00e3o de<br \/>\nCurta Dura\u00e7\u00e3o, caso lhe falte at\u00e9 seis disciplinas\/ano (que podem estar distribu\u00eddas pelo<br \/>\nconjunto dos anos de escolaridade do ciclo de estudos ou concentradas num s\u00f3 ano) &#8211;<br \/>\nDecreto-Lei n.\u00ba 357\/2007, de 29 de outubro.<br \/>\nEntende-se por disciplina\/ano cada um dos anos de escolaridade do ciclo de estudos dessa<br \/>\ndisciplina, ou seja:<\/p>\n<ul>\n<li>\nUma disciplina com um ciclo de estudos de um ano corresponde a uma<br \/>\ndisciplina\/ano;<\/li>\n<li>\nUma disciplina com um ciclo de estudos de dois anos corresponde a duas<br \/>\ndisciplinas\/ano;<\/li>\n<li>\nUma disciplina com um ciclo de estudos de tr\u00eas anos corresponde a tr\u00eas<br \/>\ndisciplinas\/ano.<\/li>\n<\/ul>\n<p>Caso o candidato tenha frequentado o ensino secund\u00e1rio recorrente por unidades ou blocos<br \/>\ncapitaliz\u00e1veis, entende-se por uma disciplina\/ano 1\/3 do total de unidades ou blocos dessa<br \/>\ndisciplina.<br \/>\nOs cursos complementares conclu\u00eddos at\u00e9 ao ano letivo de 1979\/80, inclusive, t\u00eam, para<br \/>\ntodos os efeitos legais, equipara\u00e7\u00e3o de estudos ao ensino secund\u00e1rio, nos termos do<br \/>\nDespacho n.\u00ba 6649\/2005, de 31 de mar\u00e7o retificado pela Retifica\u00e7\u00e3o n.\u00ba 1224\/2005, de 18 de<br \/>\njulho.<\/p>\n<h3>\n<strong>Para quem?<\/strong><\/h3>\n<p>As Vias de Conclus\u00e3o do N\u00edvel Secund\u00e1rio de Educa\u00e7\u00e3o destinam-se a candidatos com idade<br \/>\nigual ou superior a 18 anos, que tenham frequentado sem concluir planos de estudo j\u00e1<br \/>\nextintos (at\u00e9 seis disciplinas\/ano).<\/p>\n<h3>\n<strong>Qual a certifica\u00e7\u00e3o?<\/strong><\/h3>\n<p>A certifica\u00e7\u00e3o obtida atrav\u00e9s das Vias de Conclus\u00e3o do N\u00edvel Secund\u00e1rio de Educa\u00e7\u00e3o<br \/>\ncorresponde ao 12.\u00ba ano e confere o n\u00edvel 3 ou 4 de qualifica\u00e7\u00e3o do Quadro Nacional de<br \/>\nQualifica\u00e7\u00f5es \u2013 Portaria n.\u00ba 782\/2009, 23 de julho.<\/p>\n","protected":false},"excerpt":{"rendered":"<p>DL 357\/2007 &#8211; Via de conclus\u00e3o de n\u00edvel\u00a0 secund\u00e1rio de ensino As Vias de Conclus\u00e3o do N\u00edvel Secund\u00e1rio de Educa\u00e7\u00e3o s\u00e3o respostas criadas para quem frequentou, sem concluir, percursos formativos de n\u00edvel secund\u00e1rio de educa\u00e7\u00e3o, desenvolvidos ao abrigo de planos de estudo j\u00e1 extintos. Estas vias permitem que o candidato conclua o n\u00edvel secund\u00e1rio de [&hellip;]<\/p>\n","protected":false},"author":1,"featured_media":0,"parent":0,"menu_order":0,"comment_status":"closed","ping_status":"closed","template":"","meta":{"footnotes":""},"class_list":["post-86","page","type-page","status-publish","hentry"],"_links":{"self":[{"href":"https:\/\/aefcastro.net\/centroqualifica\/index.php\/wp-json\/wp\/v2\/pages\/86","targetHints":{"allow":["GET"]}}],"collection":[{"href":"https:\/\/aefcastro.net\/centroqualifica\/index.php\/wp-json\/wp\/v2\/pages"}],"about":[{"href":"https:\/\/aefcastro.net\/centroqualifica\/index.php\/wp-json\/wp\/v2\/types\/page"}],"author":[{"embeddable":true,"href":"https:\/\/aefcastro.net\/centroqualifica\/index.php\/wp-json\/wp\/v2\/users\/1"}],"replies":[{"embeddable":true,"href":"https:\/\/aefcastro.net\/centroqualifica\/index.php\/wp-json\/wp\/v2\/comments?post=86"}],"version-history":[{"count":4,"href":"https:\/\/aefcastro.net\/centroqualifica\/index.php\/wp-json\/wp\/v2\/pages\/86\/revisions"}],"predecessor-version":[{"id":148,"href":"https:\/\/aefcastro.net\/centroqualifica\/index.php\/wp-json\/wp\/v2\/pages\/86\/revisions\/148"}],"wp:attachment":[{"href":"https:\/\/aefcastro.net\/centroqualifica\/index.php\/wp-json\/wp\/v2\/media?parent=86"}],"curies":[{"name":"wp","href":"https:\/\/api.w.org\/{rel}","templated":true}]}}